*f + 11*f - c = 0. What is the units digit of f?
2
Suppose 157 = 5*j + 4*b - b, 0 = -2*j - 3*b + 70. Suppose 0 = j*u + 20*u - 14308. What is the tens digit of u?
9
Let y = -14 + 9. Let i be 389 - (1 - (5 + y)). Suppose -4*f + 2*f = p - 97, 5*f + i = 4*p. What is the tens digit of p?
9
Let n = 6 - 15. Let y be 51 - (2 + n/3). Suppose 4*t + 99 = 6*i - 3*i, -2*i - 2*t + y = 0. What is the tens digit of i?
2
Let r(y) = -17*y + 37. Let n(g) = -2*g**2 - 35*g + 75. Let h(o) = -6*n(o) + 13*r(o). What is the tens digit of h(6)?
9
Let n = 2758 + 1823. What is the tens digit of n?
8
Suppose 0 = -367*f + 386*f - 95019. What is the thousands digit of f?
5
What is the thousands digit of (-14)/(-10) - 2/1 - (-8381205)/675?
2
Let x(t) be the first derivative of t**4/4 + 7*t**3/3 - t**2 - 9*t - 9. Let y be x(-7). Let v(a) = 9*a + 8. What is the tens digit of v(y)?
5
Let i be -1 - ((-6)/(-4) + 36/(-8)). Suppose u = i*u - 112. Suppose -4*k = -5*w + 254, -2*w = -0*k + k - u. What is the units digit of w?
4
Let k = 2 + 15. Let s be (-3)/9*k - (-6)/9. Let c(n) = -2*n**3 - 2*n**2 + 5*n - 9. What is the tens digit of c(s)?
6
Suppose -12 = -4*z + b, -4*z + 3*b + 16 = 4. Let n be (3 + -9)*(-2)/z. Suppose n*w + 0*w - 609 = k, 600 = 4*w - 4*k. What is the tens digit of w?
5
Let p(f) be the third derivative of -f**5/60 - f**4/24 - f**3/6 + 17*f**2. Let g be p(0). What is the hundreds digit of 235/2 + (-18)/(-12) + g?
1
Let l = -7956 - -18277. What is the ten thousands digit of l?
1
Suppose 21*y - 244878 = -57663. What is the hundreds digit of y?
9
Let t = 14556 + -10365. What is the hundreds digit of t?
1
Suppose 2*t = -4*u + 28, 2*t + t = u - 14. Let i be 1196/u - (-3 - (-9)/2). Suppose -i = 15*b - 19*b. What is the tens digit of b?
3
What is the ten thousands digit of (104/(-65))/(40 + -40 + 2/(-45095))?
3
Suppose 43*r + 45815 = 60*r. What is the units digit of r?
5
What is the hundreds digit of -4*(69/92)/(3/(-2066))?
0
Let i be (-157)/(-2) + (-3)/(-6). Suppose 0 = 2*t - 5*z - i, 2*t = -3*z + z + 58. Let r = t - 16. What is the tens digit of r?
1
Let a be 1 - (-20)/(-28) - 47/(-7). Let h = a - 16. Let x(y) = 2*y**2 + 2*y - 21. What is the units digit of x(h)?
3
Suppose -4*w = 2*o - 300, 2*w = -2*o - 0*w + 306. Suppose 15 = f - 2*i - 38, 0 = 3*f - 3*i - o. What is the tens digit of f?
5
Let p(w) = 16*w - 24. Let l(g) = -1. Let i(z) = -48*l(z) + 3*p(z). Let v be i(11). Suppose 15*y = 9*y + v. What is the tens digit of y?
8
Suppose -3*o = -2*r - 0*r - 17, -4*o = 2*r - 18. Suppose 10*q = o*q - 4*n + 471, 4*n + 4 = 0. What is the units digit of q?
5
Suppose -12275 = -12*q + 7*q + 2*m, -q = 2*m - 2443. What is the hundreds digit of q?
4
Suppose -15*i + 1737 + 168 = 0. Suppose y = -i + 347. What is the hundreds digit of y?
2
Suppose -3*t - j - 4*j = 106, -t - 5*j - 42 = 0. Let a = t + 28. Let c(x) = 9*x**2 - 3*x + 3. What is the units digit of c(a)?
9
What is the ten thousands digit of (-4)/(-7) - 7789091/(-217)?
3
Let o = 19020 - 8080. What is the ten thousands digit of o?
1
Suppose 2*n = 5*n + 531. What is the units digit of -2*(-1 + n) - 2?
4
What is the ten thousands digit of (-7)/364*4 - (-11227615)/455?
2
Let f = -984 - -398. Let p = f + 1987. What is the thousands digit of p?
1
Let b(v) = -v**3 - 34*v**2 + 132*v + 246. What is the units digit of b(-41)?
1
Suppose -u + 64 = 7*u. Suppose -146 = -v + n, -4*v - 602 = -u*v - 2*n. What is the tens digit of v?
4
Suppose h - 5*a = -h + 15014, -2*h + 4*a = -15008. What is the tens digit of h?
9
What is the tens digit of (-27 + (36 - -286))*((-113)/(-5) + 1)?
6
Suppose 3*m = 3*r + 194217, 0 = 36*m - 37*m + 4*r + 64760. What is the ten thousands digit of m?
6
What is the units digit of (81568/8)/(4/8)?
2
Let k(s) = -25*s**3 + 4*s**2 + 5*s. Let n be 14/12*(-16)/(-28)*-3. What is the units digit of k(n)?
6
Let q(c) = -c**3 + 27*c**2 - 27*c + 32. Let k be q(26). What is the tens digit of 5409/k*(-26)/(-39)?
0
Suppose 3*h - 33990 = 3*n, 4*n + 11312 = -49*h + 50*h. What is the units digit of h?
6
What is the hundreds digit of -2 + ((5 - 0) + 13703)*(-2)/(-8)?
4
Let u(m) = -44 + 49 - 25*m + 0*m - m**2. Let q(t) = -t**2 + 5*t - 1. Let b be q(7). What is the hundreds digit of u(b)?
1
Suppose 21*d + 32961 - 72071 = 52009. What is the hundreds digit of d?
3
Let d(b) = -b**3 + 50*b**2 + 22*b - 15. What is the hundreds digit of d(11)?
9
Let b(y) = 4*y - 74. Let d be b(21). Suppose 0 = -d*m + 7 + 3883. What is the tens digit of m?
8
Let n(t) = 136*t**2 - 6*t + 4. Let w(s) = -s**2 - s. Let j(f) = n(f) - 2*w(f). Let l(k) = -k**2 + 9*k - 17. Let i be l(6). What is the tens digit of j(i)?
3
Let a be (-4240)/15*36/16. Let h = -282 - a. Suppose 0 = 9*x - 168 - h. What is the units digit of x?
8
Let t be (6*(-8)/30)/((-10)/50). Suppose 3465 = t*w + 633. What is the hundreds digit of w?
3
Let t = 2957 + -412. Suppose -4*n - 3372 = -4*b, -5*n + 4*n + t = 3*b. What is the tens digit of b?
4
Suppose 928*p = 923*p + 76325. What is the thousands digit of p?
5
What is the thousands digit of (40 + -30)*932*(4 + 0)?
7
Suppose 21*z - 343 = 20*z. Suppose -d - 11*l + 6*l + z = 0, -1089 = -3*d + 5*l. What is the hundreds digit of d?
3
Let m = -470 - -1995. Suppose -6*u - m = -8407. What is the units digit of u?
7
Let m = 7 + -7. What is the tens digit of (m + (-26)/8)/(1/(-4))?
1
Let q = -521 - -24. Let r = q + 867. Suppose 2*l - r = -3*l. What is the units digit of l?
4
Let y(j) = -6*j**3 - j**2 + j - 12. Let f be y(-4). Let v = 4 - 2. Suppose -5*k + g = 17 - f, -4*g = v*k - 156. What is the units digit of k?
8
Let d = -1007 - -635. Let p = 1642 + d. What is the thousands digit of p?
1
Let j be (-2 - (-264)/15) + (-12)/20. Suppose -5*c + j - 5 = 0. Suppose -o = -c*x + 111, 3*x = -3*o - 44 + 206. What is the units digit of x?
5
Suppose -x - 3*w = -125, 258*x - 254*x - 548 = -4*w. Let s = -2 + 2. Suppose -a + 186 = -j + 48, s = a + 4*j - x. What is the tens digit of a?
3
Let c(z) = -15*z + 38. Let b = -44 - -15. What is the units digit of c(b)?
3
Let o(i) = 1782*i + 483. What is the tens digit of o(12)?
6
Suppose 0 = 2*o + 16 - 22. Let m be o/(-3) - 1 - (-1)/1. What is the units digit of (-12)/(((-21)/6 - -3) + m)?
8
Suppose -5*i = g - 49822, 103*g - 99605 = 101*g + 3*i. What is the thousands digit of g?
9
Suppose -i + 3*q + 27772 = 0, -49*q - 138808 = -5*i - 47*q. What is the units digit of i?
0
Suppose c + 39 = 3*y + 6*c, -5*c = 15. Let f be -1 + 2 + (6 - y)/(-6). Suppose o - f*a + 4*a - 82 = 0, 2*a + 310 = 4*o. What is the units digit of o?
9
What is the tens digit of 1 - (-181566)/90 - (-6)/10?
1
Let n(r) = r**2 - r + 1. Let d(z) = -3*z**2 + 27*z. Let m(b) = -d(b) - 6*n(b). Let c be m(-7). Let a = c + 73. What is the units digit of a?
7
Let g(k) = -4*k**2 + 9*k - 5. Let j(i) = -17*i**2 + 36*i - 19. Let w be 27/18*(1 - 7). Let b(q) = w*g(q) + 2*j(q). What is the tens digit of b(7)?
4
Suppose z = 2098 - 184. What is the thousands digit of z?
1
Let d = -5015 + 7134. Suppose -7*f - 5296 = -12*f - 2*x, 0 = -2*f - x + d. What is the tens digit of f?
5
Let h = 147 + -132. What is the units digit of (-2*h/8)/((-23)/3956)?
5
Let g be (-2)/9 - 250/90. Let r be 4 - (g + 0 + 164). Let p = r - -262. What is the hundreds digit of p?
1
Let w = -1 - -1. Let u(t) = -16 + w*t + 7*t + 58*t. What is the tens digit of u(2)?
1
Suppose -16*f + 1728 = 2*f. Let d = f - 33. What is the tens digit of d?
6
Suppose 3*v + 6362 = -5*b, -4*b - 6*v + 7*v = 5076. Let n = -905 - b. What is the units digit of n?
5
Let u be 5/(25/2) - (-92)/(-5). What is the hundreds digit of (u/(-63))/((-2)/(-6454))?
9
Suppose 21*m = 27*m - 1176. Let i(l) = -l**3 + 12*l**2 - 12*l + 12. Let o be i(11). What is the units digit of (m/(4 + -2))/o?
8
Suppose 87*g - 148911 = 12*g + 163689. What is the hundreds digit of g?
1
Suppose -n = 3*x - 3716, 3*n + 73*x = 69*x + 11153. What is the hundreds digit of n?
7
Suppose 2*y - 21 = 13. Let x = 22 - y. Suppose -120 = -v - 2*r, -5*v + 720 = x*r + 105. What is the tens digit of v?
2
Let a = 201 - 195. What is the units digit of 4*-1*((-9)/4 - a)?
3
Suppose d + 40 = -0*d. Let l = 74 + d. Let q = l - -45. What is the units digit of q?
9
Let w be 6 + -1 + 34/1. What is the tens digit of 411887/435 - (w/45 - 1)?
4
Let l = -8143 + 16101. What is the hundreds digit of l?
9
L